 - 163*y + 495. Determine m(3).
6
Let x(f) = -26*f - 621. Give x(-23).
-23
Let s(j) = 4*j - 652. Give s(168).
20
Let z(h) = -31*h - 33. What is z(-4)?
91
Let j(u) = 317*u + 1891. What is j(-6)?
-11
Let n(i) = -2*i + 58. What is n(0)?
58
Let j(k) = -k**2 + 47*k + 143. What is j(45)?
233
Let h(t) = -126*t + 518. Calculate h(4).
14
Let c(v) = -v**3 - 19*v**2 - 47*v - 1357. What is c(-20)?
-17
Let z(w) = -8*w**2 + 305*w - 613. What is z(2)?
-35
Let q(x) = -2*x**2 - 175*x - 1398. What is q(-9)?
15
Let p(i) = -i + 68. Calculate p(-8).
76
Let p(d) = 3*d**3 - 52*d**2 + 25*d - 57. Calculate p(17).
79
Let o(k) = 63*k - 3851. Give o(61).
-8
Let z(l) = -188*l + 176. Calculate z(1).
-12
Let v(w) = -w**3 - 36*w**2 + 72*w - 156. What is v(-38)?
-4
Let m(k) = -11*k - 325. Calculate m(-33).
38
Let t(m) = -3286*m + 65736. What is t(20)?
16
Let h(y) = 66*y + 157. Calculate h(-3).
-41
Let p(w) = w**2 + 541*w + 3211. Calculate p(-6).
1
Let s(c) = -c**3 + 41*c**2 - 54*c - 926. Calculate s(39).
10
Let i(j) = -73*j + 626. Determine i(9).
-31
Let h(m) = 167*m - 84. What is h(1)?
83
Let o(a) = -8*a**2 + 16*a + 28. Calculate o(-4).
-164
Let s(l) = 79*l - 13086. Determine s(168).
186
Let h(l) = -2*l**3 - 148*l**2 - 147*l + 1. What is h(-1)?
2
Let a(q) = q**2 - 28*q - 14. What is a(29)?
15
Let m(k) = -21*k - 58. Calculate m(-3).
5
Let j(b) = 41*b**2 + 177*b - 216. Determine j(1).
2
Let p(k) = 2*k**3 - 2*k**2 + 38. Determine p(-5).
-262
Let l(o) = o**3 - 32*o + 48. What is l(-7)?
-71
Let m(i) = -14*i**2 - 13. Determine m(3).
-139
Let n(r) = 116*r - 1984. Calculate n(15).
-244
Let i(y) = 3*y**2 + 252*y + 413. Give i(-84).
413
Let x(i) = 39*i**2 + 2031*i + 148. What is x(-52)?
-8
Let y(q) = -95*q - 691. Give y(-7).
-26
Let v(q) = q**3 + 96*q**2 + 704*q + 11. Calculate v(-88).
11
Let p(g) = -175*g - 385. Determine p(-2).
-35
Let u(f) = -f**3 - 15*f**2 - 38*f + 77. Calculate u(-8).
-67
Let v(q) = -43*q + 19. Give v(5).
-196
Let p(j) = -j**2 + 58. Give p(-12).
-86
Let v(c) = -3*c**2 - 102*c + 205. Determine v(2).
-11
Let i(v) = -6*v**2 + 521*v + 64. Determine i(87).
-23
Let p(r) = -172*r + 411. Give p(3).
-105
Let j(m) = -2*m**2 - 47*m - 270. Give j(-13).
3
Let b(s) = -66*s + 26. Calculate b(5).
-304
Let m(t) = -5*t**3 + 85*t**2 - 4*t + 57. Calculate m(17).
-11
Let m(r) = -95*r + 7022. Give m(74).
-8
Let k(i) = -i**2 - 297*i + 2436. Determine k(8).
-4
Let u(p) = -2*p**2 + 653*p + 12394. Determine u(-18).
-8
Let h(j) = 2*j**2 - 76*j + 75. Give h(36).
-69
Let k(z) = -z**2 - 53*z - 673. Give k(-21).
-1
Let k(r) = 2*r**2 - 12*r - 64. Calculate k(-6).
80
Let p(z) = 131*z - 2922. Give p(22).
-40
Let p(c) = -8*c + 342. Calculate p(28).
118
Let d(m) = 35*m + 719. What is d(-34)?
-471
Let h(x) = -2*x**2 - 108*x + 1904. Determine h(-68).
0
Let d(g) = 99*g - 665. What is d(8)?
127
Let u(k) = 7*k + 124. What is u(-42)?
-170
Let q(r) = -11*r**2 + 30*r + 2. Determine q(3).
-7
Let i(m) = 4*m**2 - 1326*m - 2005. Calculate i(333).
-7
Let x(f) = -f**3 - f**2 + 9*f + 10. What is x(-1)?
1
Let n(z) = z**2 - 23*z + 18. Calculate n(30).
228
Let k(t) = 1677*t + 41902. Give k(-25).
-23
Let b(w) = -w**2 - 13*w + 162. Give b(-30).
-348
Let t(k) = 4*k**3 + 59*k**2 - 15*k - 7. Determine t(-15).
-7
Let l(v) = 17*v + 1200. What is l(-74)?
-58
Let d(u) = -u**2 - 829*u + 22226. Determine d(26).
-4
Let a(q) = 2*q**3 - 4*q**2 - 22*q - 29. Give a(-3).
-53
Let i(t) = 2*t**3 - 54*t**2 - 111*t - 138. Calculate i(29).
7
Let a(v) = -v**3 + 54*v**2 - 8*v + 416. Give a(54).
-16
Let u(c) = 2*c**2 - 38*c + 94. Calculate u(15).
-26
Let a(t) = -365*t - 24073. Give a(-66).
17
Let o(j) = 18*j - 2222. Calculate o(91).
-584
Let s(q) = -q**2 - 232*q + 7285. Calculate s(28).
5
Let m(k) = -k**3 - 27*k**2 - 186*k - 911. What is m(-20)?
9
Let r(m) = -m**3 + 26*m**2 + 50*m - 51. Determine r(28).
-219
Let q(l) = -l**3 + 43*l**2 - 280*l + 196. Calculate q(35).
196
Let s(n) = n**3 + 26*n**2 - 16*n + 308. What is s(-27)?
11
Let m(k) = 1352*k + 4054. Determine m(-3).
-2
Let n(k) = 34*k + 581. Determine n(-15).
71
Let h(p) = -2*p**3 - 19*p**2 - 62*p - 308. What is h(-8)?
-4
Let k(m) = -m**3 + 59*m**2 - 167*m - 84. What is k(56)?
-28
Let r(k) = -59*k + 136. Give r(1).
77
Let k(g) = 629*g + 834. What is k(-1)?
205
Let r(y) = -y**3 - 7*y**2 + 26*y + 39. Give r(-9).
-33
Let z(k) = k**2 - 38*k - 5100. What is z(93)?
15
Let j(o) = -2*o**2 + 59*o + 3840. Determine j(61).
-3
Let y(b) = -5*b**3 + 130*b**2 - 10*b + 257. Give y(26).
-3
Let y(w) = 56*w + 152. Calculate y(-4).
-72
Let y(b) = 86*b + 3. Calculate y(-2).
-169
Let k(w) = -4*w**3 - 56*w**2 + 59*w - 30. Calculate k(-15).
-15
Let o(j) = -2*j**2 + 105*j - 525. Determine o(47).
-8
Let o(z) = -z**3 - 5*z**2 + z - 60. Give o(-7).
31
Let j(k) = -k**2 - 11*k + 2669. Give j(-58).
-57
Let p(v) = 9*v**2 - 46*v + 72. Give p(2).
16
Let r(p) = -p**2 + 25*p + 54. Calculate r(27).
0
Let h(w) = 169*w - 3865. Calculate h(23).
22
Let w(p) = -p**3 + 27*p**2 - 116*p + 147. Calculate w(22).
15
Let h(w) = 287*w + 11840. Calculate h(-41).
73
Let k(s) = 9*s**2 - 1102*s - 2208. Determine k(-2).
32
Let p(w) = -w**2 - 36*w + 207. Give p(-36).
207
Let k(x) = 100*x + 2404. Determine k(-24).
4
Let t(h) = -h**2 + 77*h - 32. Determine t(0).
-32
Let t(v) = 41*v**2 + 320*v - 76. What is t(-8)?
-12
Let m(q) = 82*q - 6313. Give m(77).
1
Let u(q) = -q**2 + 17*q + 6. Calculate u(16).
22
Let k(p) = -p**2 + 2*p + 1920. What is k(42)?
240
Let u(i) = 8385*i + 8332. Calculate u(-1).
-53
Let a(k) = 115*k + 2635. Give a(-23).
-10
Let q(j) = -34*j**2 - 755*j - 160. Give q(-22).
-6
Let i(w) = w**3 - 86*w**2 + 708*w - 158. Determine i(9).
-23
Let m(u) = -7*u**2 + 30*u - 9. Calculate m(7).
-142
Let l(f) = 4273*f - 36. What is l(0)?
-36
Let d(f) = -f**3 + 25*f**2 - 148*f + 84. Give d(8).
-12
Let l(p) = -p**2 - p + 367. Determine l(19).
-13
Let h(g) = g**3 - 14*g**2 - 43*g + 28. Give h(17).
164
Let o(v) = v**3 + 32*v**2 - 28*v + 176. Determine o(-33).
11
Let z(u) = 4*u**2 + 69*u + 32. Give z(-20).
252
Let l(w) = 3*w**2 + 29*w + 48. Determine l(-8).
8
Let b(g) = 9*g - 357. Give b(22).
-159
Let d(a) = -229*a**2 + 32*a + 2. Calculate d(-1).
-259
Let y(s) = 3*s**2 - 197*s + 1031. Calculate y(60).
11
Let a(p) = -4*p**3 - 3*p**2 - 9*p - 15. Give a(4).
-355
Let w(y) = 634*y - 17158. Give w(27).
-40
Let k(b) = 962*b + 2920. Determine k(-3).
34
Let r(v) = -113*v - 2607. Determine r(-23).
-8
Let p(f) = -11*f + 309. Give p(26).
23
Let g(t) = -t**3 + 10*t**2 + 12*t + 36. Calculate g(12).
-108
Let g(y) = -431*y + 26282. What is g(61)?
-9
Let r(o) = -4*o**2 - 140*o + 152. Give r(-36).
8
Let n(o) = 15*o - 16. Determine n(-46).
-706
Let c(k) = k**3 - 22*k**2 - 124*k + 22. What is c(-5)?
-33
Let w(f) = f**2 - 2*f - 3592. Calculate w(-59).
7
Let u(b) = 4*b**3 - 62*b**2 + 55*b + 7. Calculate u(1).
4
Let m(a) = a**2 - 61*a - 483. Give m(-7).
-7
Let d(j) = -j**3 + 56*j**2 - 190*j + 4399. Calculate d(54).
-29
Let a(y) = y**3 - 4*y**2 + 51*y - 213. Give a(4).
-9
Let g(u) = -68*u - 417. Calculate g(-3).
-213
Let n(d) = -103*d - 13. What is n(0)?
-13
Let x(s) = -11*s**2 + 27*s + 9. Determine x(3).
-9
Let d(v) = 123*v - 179. Give d(3).
190
Let s(k) = k**2 + 207*k + 4864. Calculate s(-27).
4
Let l(a) = 3*a**3 + 30*a**2 - 24*a - 248. What is l(-10)?
-8
Let s(y) = -176*y + 2. Determine s(2).
-350
Let l(z) = 39*z**2 - 307*z - 18. What is l(9)?
378
Let z(s) = 34740*s - 7. Give z(0).
-7
Let v(z) = z**2 - 53*z - 138. Give v(-3).
30
Let b(m) = -10010*m - 20030. Determine b(-2).
-10
Let y(m) = -812*m + 2422. Calculate y(3).
-14
Let y(w) = 211*w + 10339. Give y(-49).
0
Let s(j) = -j**3 + 7*j**2 + 13*j - 7. Give s(10).
-177
Let d(r) = r**3 - 11*r**2 + 180*r - 1712. Calculate d(10).
-12
Let j(b) = -59*b - 1820. What is j(-31)?
9
Let i(z) = -z**3 - 15*z**2 + z + 70. Calculate i(-14).
-140
Let t(u) = -4*u**2 + 31*u + 446. Give t(-11).
-379
Let m(j) = 5*j**3 + 45*j**2 + 6*j + 52. What is m(-9)?
-2
Let l(z) = -z**3 - 55*z**2 + 155*z - 1089. Determine l(-58).
13
Let s(z) = -z**2 - 52*z - 566. Determine s(-15).
-11
Let x(q) = -25*q + 24. What is x(9)?
-201
Let a(n) = 176*n**2 + 6512*n + 11. Give a(-37).
11
Let v(y) = -8*y**2 - 12*y - 9. Give v(-10).
-689
Let h(u) = 2*u**2 + 109*u + 8. What is h(-20)?
-1372
Let c(x) = x**2 - 137*x + 693. Determine c(5).
33
Let z(a) = 237*a + 2802.